e (14/(-1))/(-2 - 0). Let h(r) = 4*r - 7*r**2 + r**3 + 9 - 2*r + 1. Let v be h(w). What is the greatest common factor of v and 8?
8
Suppose -o + 3 = 0, 0*o = 2*m + 3*o - 683. Let h = 480 - m. Suppose -3*v - 2*l = l - 24, 25 = -5*l. Calculate the highest common divisor of v and h.
13
Suppose 0 = -2*w - 0*w + 90. Suppose v = -2*v + w. What is the greatest common divisor of 60 and v?
15
Let q(l) = -l**3 + 4*l**2 + 7*l - 8. Suppose t + 14 = 5*t + 3*u, 3*t + 5*u - 5 = 0. Let w be q(t). Calculate the greatest common factor of w and 4.
2
Let x(c) = -c**2 - 7*c. Let d = -6 + 2. Let q be x(d). Calculate the greatest common factor of q and 3.
3
Suppose 13*m = 8*m + 90. Calculate the highest common factor of m and 72.
18
Suppose 2*u - 206 = -52. Let k be (-1)/((-155)/u + 2). Suppose 5*h - 10 = 25. Calculate the greatest common divisor of h and k.
7
Suppose 2*p + 13 - 21 = 0. Calculate the greatest common divisor of 4 and p.
4
Suppose 5*d - 4*i = 15, -2*d - 7*i = -2*i - 6. Let w(a) = 6*a + a**2 - a**3 - 6*a + 6. Let j be w(0). Calculate the highest common factor of d and j.
3
Suppose -458 = -3*b - 4*p + 62, -5*b + 820 = -5*p. Let u = 22 - 36. Let s = 35 + u. Calculate the greatest common factor of b and s.
21
Let d(m) = -352*m. Let f be d(-3). Suppose 2*s - f = -2*s. What is the greatest common factor of s and 24?
24
Suppose 0 = -5*o + 13 - 3. Suppose 0 = -p - 3*i, p + i = -0*i + 4. Let g = p - o. What is the highest common divisor of 4 and g?
4
Suppose 3*l = -2*y - 119, -y + 4*y = 2*l - 185. Let v = -16 - y. What is the greatest common divisor of 9 and v?
9
Let m = -7 + 8. Suppose 0 = -2*q - 2*f + 2, f + m - 2 = -2*q. Suppose 0 = -3*k + 2*p + 20, 2*k - p - p - 10 = q. What is the greatest common factor of 10 and k?
10
Suppose 0 = 5*l + g + 726 + 23, 0 = -l - 5*g - 169. Suppose 158 = -3*q - 601. Let s = l - q. Calculate the greatest common factor of s and 13.
13
Let n(x) = 9*x - 30. Let z be n(5). What is the greatest common factor of z and 5?
5
Let s = 8 - 5. Let u be (-86)/(-6) + (-1)/s. What is the highest common factor of u and 98?
14
Suppose 8*r - r = 70. Calculate the greatest common divisor of 40 and r.
10
Let b be (-2)/(-6) + 1149/9. Calculate the greatest common factor of 8 and b.
8
Let k(y) = -195*y - 1. Let f be k(1). Let j = -2 - -4. Let z be (-1 - 0)/j*f. What is the greatest common divisor of z and 14?
14
Let p(x) = -6*x - 21. Let t be p(-14). Calculate the highest common factor of t and 7.
7
Let o(b) = 23*b**2 + 5*b + 2. Let p be o(-2). Calculate the greatest common divisor of p and 21.
21
Let o(t) = t**3 + 6*t**2 + 6*t + 2. Let n be o(-4). Let y be ((-54)/(-45))/((-4)/n). Let f be (87/12 + y)*4. What is the highest common factor of f and 136?
17
Let o(x) = 2*x**3 + 38*x**2 - 6*x - 36. Let h be o(-19). Calculate the highest common factor of 6 and h.
6
Suppose -36 = 7*w - 3*w. Let a = 5 + w. Let o = 5 + a. Calculate the greatest common factor of 4 and o.
1
Suppose 0 = -3*t + 62 + 4. Calculate the highest common divisor of t and 2.
2
Let g(f) = 5*f**2 + 2*f + 5. Let w(u) = -u**2 + 3*u + 7. Let s be w(5). Let z be g(s). Calculate the greatest common divisor of 11 and z.
11
Let s(o) = 2*o**2 + 22*o - 3. Let v be s(-15). Calculate the highest common factor of 13 and v.
13
Let n be 2/(-1)*(1 - 2). Let a be 6*((-7)/(-2) - n). What is the greatest common factor of 9 and a?
9
Let c = 35 + 5. Let q = -12 - -5. Let s = 3 - q. What is the highest common divisor of s and c?
10
Suppose 18 = 5*a + a. What is the greatest common divisor of 6 and a?
3
Let a be (-102)/(5/4 - 2). Suppose -4*m + 68 = -0*m. What is the greatest common factor of a and m?
17
Suppose -5 = -5*r, 4*p + 3*r + 2*r - 53 = 0. Suppose -4*b - 256 = -2*h, 3*h = -0*h - p. Let z be 7/((-3)/b*2). Calculate the highest common divisor of z and 7.
7
Let d(y) = -y**3 + 8*y**2 + 21*y - 2. Let z be d(10). Calculate the highest common factor of z and 32.
8
Let o(q) = -5*q - 10. Let j be o(-4). Suppose 0 = -2*u + 5 + 3. Suppose u*r = 5*i + 55, 2*i - 38 = -5*r + 6. What is the highest common divisor of r and j?
10
Suppose -j + 5*j = 8. Suppose z = 3*y + 24, -j*z - 1 = -2*y - 13. Let h be 8*(y/(-4) - 1). What is the greatest common divisor of h and 5?
5
Suppose 2*m - 28 = -5*d, 0*m + 2*m + 8 = d. Let i be 275/95 - -3 - 2/(-19). What is the highest common factor of i and d?
6
Suppose 0 = 4*x + 5*w - 43, 0 = 4*x + 4*w - w - 53. What is the highest common divisor of 51 and x?
17
Suppose 0 = -3*u - 5*b + 76, -50 - 2 = -2*u - 2*b. Suppose -g - 2*g = -n - u, -2*g = -3*n - 11. Calculate the greatest common divisor of 50 and g.
10
Suppose 2*o - 2*l + 6 = 3*l, -3*o = 3*l - 12. Let f be 27/(0 - (0 + -1)). Suppose -o*c + f + 63 = 0. What is the greatest common factor of 5 and c?
5
Let k(f) = -4 + 18*f + 3 + 2. Let h be (-46)/(-14) + (-2)/7. Let q be k(h). What is the greatest common factor of 22 and q?
11
Suppose f = -4*j + 3*j + 1, 4*f - 1 = -j. Let m(y) = -y**2 - y + 4. Let u be m(f). Suppose 31 = u*g - 17. What is the highest common divisor of 60 and g?
12
Suppose 0 = -4*w + 428 + 68. Suppose 0 = c + 5*m - w, -12 = 4*m + 4. What is the highest common factor of c and 16?
16
Suppose -6*h = -5*h + 5*t - 25, 5*t + 150 = 4*h. Let u = -6 + 8. Suppose -3*s = -u*s - h. Calculate the highest common divisor of 14 and s.
7
Let y(j) = j**2 + 5*j + 1 + 3*j - 3*j. Let h = 8 - 14. Let q be y(h). What is the greatest common divisor of 7 and q?
7
Let b be (-1)/3 - (-21)/9. Let h(q) = -q - 14. Let n(o) = -o + 1. Let y(z) = -h(z) + 2*n(z). Let l be y(12). What is the greatest common divisor of b and l?
2
Suppose 12 = -0*i + 3*i. Let b(j) = 4*j**2 - 3*j - 3. Let l be b(i). Calculate the highest common divisor of 7 and l.
7
Let f(t) = -t**3 + 4*t**2 - t + 2. Let s be f(2). Let r = 137 - 73. Calculate the highest common divisor of s and r.
8
Let r be 1 + (-5)/7 + (-793)/(-91). Calculate the greatest common factor of r and 45.
9
Let j = 6 - -417. Calculate the greatest common factor of 47 and j.
47
Let c(h) = -h**3 - 3*h**2 + 5*h + 6. Let q be c(-4). What is the highest common divisor of q and 14?
2
Let c(d) = 2*d**2 - 3*d. Let p be c(6). Calculate the greatest common divisor of 9 and p.
9
Suppose -x + 13 = 2*a - 0*x, 0 = 4*a + 4*x - 36. Let k be (-3)/6 - (-6)/a. Let u be 1/3*(7 + -4). What is the highest common factor of u and k?
1
Suppose -z - 4*z = -880. Suppose -120 = 5*b + o - 378, b + 4*o = 44. Let u = b + -30. What is the greatest common divisor of z and u?
22
Let h = 6 - 3. Suppose -3 = -h*c - 4*g + 96, -2*c - 4*g = -66. Suppose -c = 4*n - 7*n. What is the highest common divisor of n and 33?
11
Suppose 88 = 5*y - 3*i, 5*y + 2*i + 2*i = 81. Calculate the highest common divisor of y and 153.
17
Suppose 4*m - 207 = -u, 0*u - 264 = -5*m - 3*u. Let l = -25 + 42. Calculate the greatest common divisor of l and m.
17
Let l = 8 - 4. Suppose -i + 175 = l*i. Calculate the highest common divisor of i and 7.
7
Suppose -h = -4 - 10. Let t = -3 + h. Let z be 22/3*(7 + -1). Calculate the highest common factor of z and t.
11
Let s = 275 + -159. Let a be s + 15 + (2 - 1). Calculate the greatest common factor of a and 12.
12
Suppose -4*f = -3*v - 15, -5*f + 1 + 10 = 4*v. Let z = -6 + 10. Suppose -3*x - d + 4 = -1, -z*x - 4*d = -4. What is the highest common divisor of x and f?
1
Suppose -84 = -0*d - 2*d. Let f be ((-3)/(-4))/((-1)/(-84)). Calculate the highest common divisor of f and d.
21
Suppose -702 = -2*s - 7*s. What is the greatest common divisor of s and 26?
26
Let q = -6 - -9. Suppose q*r + 0*r = 24. Let a be (r/24)/(1/63). What is the highest common factor of 14 and a?
7
Let f be (72/(-10))/(2 - (-33)/(-15)). Calculate the greatest common divisor of f and 12.
12
Let u be ((-24)/(-18))/((-3)/(-180)). Calculate the greatest common divisor of u and 16.
16
Suppose 6*g - 2*g = 0. Let y be 4*(g + (-14)/(-4)). Calculate the highest common divisor of y and 70.
14
Suppose 0 = 2*d - 30 + 10. Calculate the highest common divisor of d and 40.
10
Let k(o) = -o**2 + 5*o - 7. Let w be k(5). Let j be (1 + -3)/(1/w). What is the greatest common factor of j and 7?
7
Let d(a) = -9*a + 28. Let f be d(-7). What is the highest common factor of f and 13?
13
Let r be 5*((-84)/(-30) - 0). What is the greatest common divisor of 2 and r?
2
Let y be 2/((-2 -